{"id":38,"date":"2024-12-03T21:38:18","date_gmt":"2024-12-03T21:38:18","guid":{"rendered":"https:\/\/cefi.edu.ec\/academy\/home\/"},"modified":"2026-04-17T13:20:08","modified_gmt":"2026-04-17T13:20:08","slug":"home","status":"publish","type":"page","link":"https:\/\/cefi.edu.ec\/academy\/","title":{"rendered":"Inicio"},"content":{"rendered":"\n\n\n\n\n\n\n\n\n<h2>\u00bfPor qu\u00e9 Cefi Academy ?<\/h2>\n\n\n\n\n\n<p><span style=\"color: #888888;\"><font color=\"#888888\">En sesiones educativas los estudiantes participan activamente en su aprendizaje utilizando diversas herramientas tecnol\u00f3gicas.<\/font><\/span><\/p>\n\n\n\n\n<p><span style=\"color: #888888;\"><font color=\"#888888\">Con material de trabajo incluido en el pago del curso para cada participante y asesor\u00eda personalizada mientras dure la capacitaci\u00f3n.<\/font><\/span><\/p>\n\n\n\n\n\n\n<p><span style=\"color: #888888;\"><font color=\"#888888\">Docentes que cumplen con\u00a0<\/font><\/span><span style=\"color: rgb(136, 136, 136);\">con los conocimientos y habilidades\u00a0<\/span><span style=\"color: #888888;\"><font color=\"#888888\">\u00a0para preparar, ense\u00f1ar y capacitar en el idioma ingl\u00e9s y franc\u00e9s.<\/font><\/span><\/p>\n\n\n\n\n<p [object NamedNodeMap]><span style=\"color: #888888;\"><font color=\"#888888\">Los estudiantes pueden adaptar sus horas de de estudios cumpliendo con las horas requeridas y las tareas asignadas.<\/font><\/span><\/p>\n\n\n\n\n\n\n\n\n<h2>Estudiantes y Maestros<\/h2>\n\n\n\n<p [object NamedNodeMap]><span style=\"color: #fff;\">En horarios flexibles y variados durante la semana o s\u00e1bados intensivos en las Instalaciones del<br>COLEGIO INTERAMERICANO y COLEGIO TEJAR o in situ a las instituciones que lo soliciten.<\/span><\/p>\n\n\n\n\n\n\n\n\n\n\n\n\n\n\n\n\n\n\n\n\n\n\n\n\n<h2>Que dicen los estudiantes<\/h2>\n\n\n\n\n<p>Desde que era un ni\u00f1o, siempre so\u00f1\u00e9 con hablar varios idiomas. El espa\u00f1ol era la \u00fanica lengua que escuchaba a mi alrededor. Sin embargo, a medida que fui creciendo, me di cuenta de la importancia del ingl\u00e9s en el mundo actual. As\u00ed comenz\u00f3 mi camino para aprender ingl\u00e9s y gracias a CEFI he podido certificar mi nivel C1.<\/p>\n\n\n\n\n\n\n<h2>Convenios<\/h2>\n\n\n\n","protected":false},"excerpt":{"rendered":"","protected":false},"author":1,"featured_media":0,"parent":0,"menu_order":0,"comment_status":"closed","ping_status":"closed","template":"","meta":{"pagelayer_contact_templates":[],"_pagelayer_content":"","footnotes":""},"class_list":["post-38","page","type-page","status-publish","hentry"],"_links":{"self":[{"href":"https:\/\/cefi.edu.ec\/academy\/wp-json\/wp\/v2\/pages\/38","targetHints":{"allow":["GET"]}}],"collection":[{"href":"https:\/\/cefi.edu.ec\/academy\/wp-json\/wp\/v2\/pages"}],"about":[{"href":"https:\/\/cefi.edu.ec\/academy\/wp-json\/wp\/v2\/types\/page"}],"author":[{"embeddable":true,"href":"https:\/\/cefi.edu.ec\/academy\/wp-json\/wp\/v2\/users\/1"}],"replies":[{"embeddable":true,"href":"https:\/\/cefi.edu.ec\/academy\/wp-json\/wp\/v2\/comments?post=38"}],"version-history":[{"count":101,"href":"https:\/\/cefi.edu.ec\/academy\/wp-json\/wp\/v2\/pages\/38\/revisions"}],"predecessor-version":[{"id":716,"href":"https:\/\/cefi.edu.ec\/academy\/wp-json\/wp\/v2\/pages\/38\/revisions\/716"}],"wp:attachment":[{"href":"https:\/\/cefi.edu.ec\/academy\/wp-json\/wp\/v2\/media?parent=38"}],"curies":[{"name":"wp","href":"https:\/\/api.w.org\/{rel}","templated":true}]}}